in base 7?
4021010
-1186550 (base 13) to base 2
-10100110000010010101010
What is -2087817 (base 10) in base 13?
-5813c4
-96056 (base 13) to base 8
-1017736
Convert -20222022132 (base 4) to base 5.
-1040113404
11001010011100011101100 (base 2) to base 9
13430656
Convert 13b4917 (base 12) to base 5.
2004000203
-1417273 (base 8) to base 5
-100313313
What is 268032 (base 14) in base 16?
14440c
-315fe (base 16) to base 5
-22432423
471181 (base 10) to base 11
2a2007
What is -120163 (base 7) in base 8?
-52307
-42451a4 (base 11) to base 16
-720a88
2101111 (base 5) to base 9
52327
What is 1cba129 (base 14) in base 5?
12143334143
181139 (base 13) to base 14
11965d
What is -2804582 (base 10) in base 8?
-12545546
What is -4183866 (base 9) in base 10?
-2240196
Convert 5988f (base 16) to base 6.
11505503
What is 10a48 (base 11) in base 7?
64236
What is -4a17617 (base 12) in base 16?
-dcbbb3
What is 5211201 (base 6) in base 2?
111101001000110001
607820 (base 9) to base 13
c7b72
-1b5bb7 (base 12) to base 4
-1312331323
4511533 (base 6) to base 15
474cc
-5387362 (base 10) to base 12
-197982a
What is 5033463 (base 8) in base 12?
53a843
763aa5 (base 11) to base 5
303024041
1303ac (base 16) to base 2
100110000001110101100
251a80 (base 11) to base 4
1201021300
1aeb2 (base 16) to base 7
636311
Convert 2b872 (base 12) to base 15.
13448
-541446 (base 8) to base 13
-64525
-325d2 (base 14) to base 13
-4363c
What is 36362166 (base 7) in base 11?
1914954
Convert 101110010111001011 (base 2) to base 10.
189899
What is 6a86 (base 15) in base 6?
252430
What is -2070a (base 15) in base 7?
-605545
Convert -10241421 (base 5) to base 15.
-1ac26
What is 623403 (base 10) in base 13?
18a9a1
What is 3aa0a (base 12) in base 6?
1422414
656711b (base 12) to base 9
40271135
What is 333221310 (base 4) in base 13?
91899
Convert -219689 (base 12) to base 2.
-10000010100110001001
67642 (base 14) to base 4
331100322
Convert -1001110000010101000 (base 2) to base 11.
-1a9187
-27822 (base 13) to base 7
-425253
Convert -660553 (base 7) to base 5.
-12144111
What is 39a56 (base 13) in base 4?
122023101
Convert -1110010000101000010 (base 2) to base 14.
-c2402
11001023 (base 5) to base 13
33972
-21112211222221 (base 3) to base 4
-33103211332
Convert 47145 (base 13) to base 10.
129849
What is 70f6 (base 16) in base 12?
1489a
What is -3004502 (base 8) in base 2?
-11000000100101000010
What is -683661 (base 9) in base 2?
-1100011111110100110
Convert -4832b3 (base 16) to base 11.
-2741999
What is -101000100000101010101001 (base 2) in base 12?
-36816b5
-2012121002 (base 3) to base 4
-22212311
What is aa959 (base 11) in base 10?
160873
Convert 200011112011222 (base 3) to base 5.
4432430020
Convert 61243122 (base 7) to base 2.
10011011101111001110011
What is 1053510 (base 7) in base 5?
13142220
What is -1323672 (base 8) in base 13?
-cc901
Convert -21101021 (base 5) to base 7.
-1326413
Convert 476a81 (base 13) to base 11.
a61324
Convert -423853 (base 10) to base 14.
-b0673
What is 3b8d5 (base 16) in base 7?
2034103
What is 101110001110100010101 (base 2) in base 13?
410620
Convert 188a6a (base 11) to base 5.
33240423
16479 (base 10) to base 16
405f
Convert -99094 (base 10) to base 7.
-561622
-1632050 (base 7) to base 11
-145122
Convert -1110424 (base 6) to base 14.
-16520
What is 10302033200 (base 4) in base 11?
787475
What is 1301016 (base 8) in base 10?
360974
What is 403235 (base 7) in base 3?
10110210122
Convert 101423230 (base 5) to base 11.
267979
Convert -6b5916 (base 15) to base 2.
-10011100100111100001110
Convert -1234202442 (base 5) to base 4.
-23211222300
What is 582b74 (base 12) in base 9?
2586227
-12212322221 (base 4) to base 2
-110100110111010101001
Convert -2813642 (base 9) to base 3.
-2220110201102
-10000222112 (base 3) to base 12
-2a705
What is 11205605 (base 7) in base 4?
3232132310
Convert -203312031 (base 5) to base 10.
-838391
What is -153626 (base 7) in base 11?
-20724
What is 110421 (base 9) in base 15?
1481d
1056644 (base 7) to base 2
100000001111000110
3331454 (base 10) to base 6
155223222
Convert 3628937 (base 11) to base 15.
84d2ed
-16173a (base 12) to base 13
-102205
104254 (base 9) to base 4
33023200
What is 12223310311 (base 4) in base 11?
a97647
What is 20211013210 (base 4) in base 5?
1033433223
22112230 (base 4) to base 11
29957
What is 11001001101111110110010 (base 2) in base 7?
110122443
150204451 (base 6) to base 9
5737674
What is -33123332001 (base 4) in base 7?
-46253010
What is c2bc23 (base 14) in base 9?
13313121
Convert -20101221200 (base 3) to base 8.
-366201
What is 23862 (base 15) in base 13?
3c72b
What is -32404632 (base 8) in base 13?
-15940c7
What is 1205522 (base 8) in base 2?
1010000101101010010
-516b387 (base 12) to base 16
-e9ce57
-221053 (base 9) to base 6
-2455033
Convert 51100434 (base 7) to base 11.
2444981
What is -522660 (base 7) in base 4?
-111330003
Convert 1001111001010101 (base 2) to base 15.
c023
Convert 178256 (base 10) to base 14.
48d68
-97168 (base 14) to base 2
-1011001001010111000
What is -112202120112 (base 3) in base 5?
-33244221
Convert -6144644 (base 9) to base 4.
-30200021011
136383 (base 10) to base 12
66b13
What is -572767 (base 8) in base 5?
-22202124
Convert -23101121 (base 4) to base 15.
-da2e
Convert -36354545 (base 7) to base 2.
-1100010111001010010111
What is 3a4761 (base 11) in base 10?
635801
419016 (base 13) to base 3
2212220121020
-6123536 (base 9) to base 10
-3263442
Convert 2814955 (base 11) to base 13.
100b9b4
Convert -230320 (base 11) to base 9.
-617552
2002202210221 (base 3) to base 11
6a3597
What is -238963 (base 12) in base 11?
-363069
Convert 211012101 (base 3) to base 14.
5c7d
Convert 2b9a5 (base 16) to base 5.
21203342
332312411 (base 5) to base 15
1d8edb
152b5 (base 15) to base 4
100220120
What is 2354640 (base 8) in base 11?
401001
Convert 2100020210021 (base 3) to base 11.
780408
-867da2 (base 15) to base 5
-3114433302
-410195 (base 11) to base 13
-1a0ca9
101101213 (base 4) to base 5
4231014
1304012 (base 5) to base 8
61643
What is -826918 (base 10) in base 6?
-25420154
Convert a88431 (base 13) to base 14.
751086
What is 3051758 (base 9) in base 12?
6664a5
Convert -12115601 (base 8) to base 4.
-22021232001
What is 13333764 (base 9) in base 16?
645b26
What is 89878 (base 14) in base 15?
68d18
What is 214588 (base 9) in base 10?
128060
What is -3a1350 (base 14) in base 8?
-7504212
-714488 (base 10) to base 2
-10101110011011111000
21103526 (base 8) to base 12
160701a
-535b6 (base 13) to base 4
-210231312
Convert -32631434 (base 7) to base 6.
-140154132
What is -15252503 (base 6) in base 9?
-1006053
24566a (base 15) to base 14
333d55
Convert 13442252 (base 6) to base 16.
6f818
Convert -3010314 (base 6) to base 8.
-424106
Convert 404401042 (base 5) to base 2.
110001111110100001111
-35652540 (base 7) to base 5
-1303011210
What is 1212714 (base 8) in base 3?
121221010222
478028 (base 11) to base 12
306361
Convert 2122210111 (base 4) to base 5.
130224414
-5a3673 (base 13) to base 4
-20030312032
Convert 32c153b (base 13) to base 6.
1313405541
-2507a78 (base 11) to base 5
-2103441424
What is 100c598 (base 14) in base 12?
26490a2
Convert -120542432 (base 6) to base 3.
-11022001021002
2474c (base 15) to base 3
12220200000
Convert 34513305 (base 8) to base 12.
2621a85
Convert -5436b2 (base 12) to base 13.
-378b36
Convert -354232352 (base 6) to base 8.
-31262654
-161542 (base 8) to base 10
-58210
What is 55520446 (base 7) in base 10?
4795027
Convert 1b3a76 (base 12) to base 2.
1110110000100111010
1012223003032 (base 4) to base 3
1021212020110111
190900 (base 11) to base 5
33401114
What is 13314312 (base 6) in base 7?
3533600
-715901 (base 15) to base 8
-24425677
Convert -b1122 (base 13) to base 3.
-121002020122
What is -1000010110110011011 (base 2) in base 3?
-111220121110
Convert 2a8b5 (base 14) to base 9.
171356
1010021002120 (base 3) to base 13
17b182
72030c (base 14) to base 6
214203544
What is -1111012000210 (base 3) in base 10?
-790986
Convert 4031676 (base 9) to base 15.
2c6106
What is -45133 (base 8) in base 7?
-106332
Convert 1c2f4 (base 16) to base 10.
115444
Convert -1a67028 (base 12) to base 14.
-a60aac
What is -18963 (base 11) in base 9?
-40245
-d4fb7 (base 16) to base 12
-360a1b
What is 241ca9 (base 15) in base 